{"id":624,"date":"2022-04-14T09:03:57","date_gmt":"2022-04-14T09:03:57","guid":{"rendered":"https:\/\/www.hongkonger-in-deutschland.org\/?page_id=624"},"modified":"2023-02-15T20:02:32","modified_gmt":"2023-02-15T20:02:32","slug":"mitglieder-vorteile","status":"publish","type":"page","link":"https:\/\/www.hongkonger-in-deutschland.org\/index.php\/mitglieder-vorteile\/","title":{"rendered":"Mitglieder Vorteile"},"content":{"rendered":"<div class=\"boldgrid-section\">\n<div class=\"container\">\n<div class=\"row\">\n<div class=\"col-md-12 col-xs-12 col-sm-12 col-lg-12\">\n\n<\/div>\n<\/div>\n<\/div>\n<\/div>\n<div class=\"tmpl-services-3 boldgrid-section dynamic-gridblock background-fixed\" style=\"color: #1d1d1d; background-image: linear-gradient(to left, rgba(238, 238, 238, 0.8), rgba(238, 238, 238, 0.8)), url('https:\/\/source.unsplash.com\/WB3ujiKLJwQ\/1920x1080'); background-size: cover; background-position: 50% 50%;\" data-bg-overlaycolor=\"rgba(238, 238, 238, 0.8)\" data-image-url=\"https:\/\/source.unsplash.com\/WB3ujiKLJwQ\/1920x1080\">\n<div class=\"container\">\n<div class=\"row\" style=\"padding-top: 100px; padding-bottom: 100px;\">\n<div class=\"col-md-12 col-sm-12 col-xs-12 text-center col-lg-12\" style=\"padding-top: 1.3em;\">\n<p class=\"\"><i class=\"color1-color fa fa-vcard\" style=\"font-size: 45px;\" aria-hidden=\"true\"><span style=\"display: none;\">&nbsp;<\/span><\/i><\/p>\n<h3 class=\"\" style=\"line-height: 0.5em;\">&nbsp;<\/h3>\n<h2 class=\"h4\" style=\"text-transform: uppercase;\"><strong>VORTEILE DER MITGLIEDSCHAFT<\/strong><\/h2>\n<p class=\"\"><i class=\"fa fa-window-minimize color1-color\" aria-hidden=\"true\"><span style=\"display: none;\">&nbsp;<\/span><\/i><\/p>\n<h3 class=\"\">Sprachkurse Angebote:<\/h3>\n<h4 class=\"\" style=\"text-align: left;\">Mitglieder bekommen 50% Rabatt bei unseren Deutschsprachkursen und Kantonesischsprachkursen. &nbsp;Details auf unserer <a href=\"https:\/\/www.facebook.com\/hkerinde\">Facebook Seite<\/a>.<\/h4>\n<h3 class=\"\">Restaurant Angebote:<\/h3>\n<p class=\"\" style=\"text-align: left;\">&nbsp;<\/p>\n<p class=\"\">&nbsp;<\/p>\n<h4 class=\"\" style=\"text-align: left;\"><strong>1.Eppstein\/China Restaurant Peking <\/strong><\/h4>\n<p class=\"\" style=\"text-align: left;\"><a href=\"https:\/\/www.facebook.com\/ChinaRestaurantEppstein\">https:\/\/www.facebook.com\/ChinaRestaurantEppstein <\/a><\/p>\n<p class=\"\" style=\"text-align: left;\">06198 9205<br \/>\nHauptstra\u00dfe 97 (Am B\u00fcndelberg) 65817 Vockenhausen<br \/>\n&#8211; Eine gratis ALKOHOL-FREIE Getr\u00e4nke f\u00fcr jeden Mitglieder und die Begleitenden<\/p>\n<p class=\"\">&nbsp;<\/p>\n<h4 class=\"\" style=\"text-align: left;\"><strong>2.Hannover\/Mama&#8217;s Kitchen<\/strong><\/h4>\n<p class=\"\" style=\"text-align: left;\"><a href=\"https:\/\/www.facebook.com\/mamaskitchenhannover\">https:\/\/www.facebook.com\/mamaskitchenhannover<\/a><\/p>\n<p class=\"\" style=\"text-align: left;\">0511 56 97 16 31<br \/>\nEngelbosteler Dam 104, 30167 Hannover-Nordstadt<br \/>\n&#8211; Eine gratis Suppe f\u00fcr jeden Mitglieder<\/p>\n<p class=\"\">&nbsp;<\/p>\n<div class=\"boldgrid-section\">\n<div class=\"container\">\n<div class=\"row\">\n<div class=\"col-md-12 col-xs-12 col-sm-12 col-lg-12\"><\/div>\n<\/div>\n<\/div>\n<\/div>\n<\/div>\n<\/div>\n<\/div>\n<\/div>\n","protected":false},"excerpt":{"rendered":"<p>&nbsp; &nbsp; VORTEILE DER MITGLIEDSCHAFT &nbsp; Sprachkurse Angebote: Mitglieder bekommen 50% Rabatt bei unseren Deutschsprachkursen und Kantonesischsprachkursen. &nbsp;Details auf unserer Facebook Seite. Restaurant Angebote: &nbsp; &nbsp; 1.Eppstein\/China Restaurant Peking https:\/\/www.facebook.com\/ChinaRestaurantEppstein 06198 9205 Hauptstra\u00dfe 97 (Am B\u00fcndelberg) 65817 Vockenhausen &#8211; Eine gratis ALKOHOL-FREIE Getr\u00e4nke f\u00fcr jeden Mitglieder und die Begleitenden &nbsp; 2.Hannover\/Mama&#8217;s Kitchen https:\/\/www.facebook.com\/mamaskitchenhannover 0511 56 &#8230; <a title=\"Mitglieder Vorteile\" class=\"read-more\" href=\"https:\/\/www.hongkonger-in-deutschland.org\/index.php\/mitglieder-vorteile\/\" aria-label=\"Mehr Informationen \u00fcber Mitglieder Vorteile\">Weiterlesen<\/a><\/p>\n","protected":false},"author":2,"featured_media":0,"parent":0,"menu_order":0,"comment_status":"closed","ping_status":"closed","template":"template\/page\/fullwidth.php","meta":{"ngg_post_thumbnail":0,"footnotes":""},"class_list":["post-624","page","type-page","status-publish"],"yoast_head":"<!-- This site is optimized with the Yoast SEO plugin v27.0 - https:\/\/yoast.com\/product\/yoast-seo-wordpress\/ -->\n<title>Mitglieder Vorteile - Hongkonger in Deutschland e. V.<\/title>\n<meta name=\"robots\" content=\"index, follow, max-snippet:-1, max-image-preview:large, max-video-preview:-1\" \/>\n<link rel=\"canonical\" href=\"https:\/\/www.hongkonger-in-deutschland.org\/index.php\/mitglieder-vorteile\/\" \/>\n<meta property=\"og:locale\" content=\"de_DE\" \/>\n<meta property=\"og:type\" content=\"article\" \/>\n<meta property=\"og:title\" content=\"Mitglieder Vorteile - Hongkonger in Deutschland e. V.\" \/>\n<meta property=\"og:description\" content=\"&nbsp; &nbsp; VORTEILE DER MITGLIEDSCHAFT &nbsp; Sprachkurse Angebote: Mitglieder bekommen 50% Rabatt bei unseren Deutschsprachkursen und Kantonesischsprachkursen. &nbsp;Details auf unserer Facebook Seite. Restaurant Angebote: &nbsp; &nbsp; 1.Eppstein\/China Restaurant Peking https:\/\/www.facebook.com\/ChinaRestaurantEppstein 06198 9205 Hauptstra\u00dfe 97 (Am B\u00fcndelberg) 65817 Vockenhausen &#8211; Eine gratis ALKOHOL-FREIE Getr\u00e4nke f\u00fcr jeden Mitglieder und die Begleitenden &nbsp; 2.Hannover\/Mama&#8217;s Kitchen https:\/\/www.facebook.com\/mamaskitchenhannover 0511 56 ... Weiterlesen\" \/>\n<meta property=\"og:url\" content=\"https:\/\/www.hongkonger-in-deutschland.org\/index.php\/mitglieder-vorteile\/\" \/>\n<meta property=\"og:site_name\" content=\"Hongkonger in Deutschland e. V.\" \/>\n<meta property=\"article:modified_time\" content=\"2023-02-15T20:02:32+00:00\" \/>\n<meta name=\"twitter:card\" content=\"summary_large_image\" \/>\n<meta name=\"twitter:label1\" content=\"Gesch\u00e4tzte Lesezeit\" \/>\n\t<meta name=\"twitter:data1\" content=\"1\u00a0Minute\" \/>\n<script type=\"application\/ld+json\" class=\"yoast-schema-graph\">{\"@context\":\"https:\/\/schema.org\",\"@graph\":[{\"@type\":\"WebPage\",\"@id\":\"https:\/\/www.hongkonger-in-deutschland.org\/index.php\/mitglieder-vorteile\/\",\"url\":\"https:\/\/www.hongkonger-in-deutschland.org\/index.php\/mitglieder-vorteile\/\",\"name\":\"Mitglieder Vorteile - Hongkonger in Deutschland e. V.\",\"isPartOf\":{\"@id\":\"https:\/\/www.hongkonger-in-deutschland.org\/#website\"},\"datePublished\":\"2022-04-14T09:03:57+00:00\",\"dateModified\":\"2023-02-15T20:02:32+00:00\",\"breadcrumb\":{\"@id\":\"https:\/\/www.hongkonger-in-deutschland.org\/index.php\/mitglieder-vorteile\/#breadcrumb\"},\"inLanguage\":\"de\",\"potentialAction\":[{\"@type\":\"ReadAction\",\"target\":[\"https:\/\/www.hongkonger-in-deutschland.org\/index.php\/mitglieder-vorteile\/\"]}]},{\"@type\":\"BreadcrumbList\",\"@id\":\"https:\/\/www.hongkonger-in-deutschland.org\/index.php\/mitglieder-vorteile\/#breadcrumb\",\"itemListElement\":[{\"@type\":\"ListItem\",\"position\":1,\"name\":\"Home\",\"item\":\"https:\/\/www.hongkonger-in-deutschland.org\/\"},{\"@type\":\"ListItem\",\"position\":2,\"name\":\"Mitglieder Vorteile\"}]},{\"@type\":\"WebSite\",\"@id\":\"https:\/\/www.hongkonger-in-deutschland.org\/#website\",\"url\":\"https:\/\/www.hongkonger-in-deutschland.org\/\",\"name\":\"Hongkonger in Deutschland e. V.\",\"description\":\"A Bridge between Hong Kong and Germany\",\"publisher\":{\"@id\":\"https:\/\/www.hongkonger-in-deutschland.org\/#organization\"},\"potentialAction\":[{\"@type\":\"SearchAction\",\"target\":{\"@type\":\"EntryPoint\",\"urlTemplate\":\"https:\/\/www.hongkonger-in-deutschland.org\/?s={search_term_string}\"},\"query-input\":{\"@type\":\"PropertyValueSpecification\",\"valueRequired\":true,\"valueName\":\"search_term_string\"}}],\"inLanguage\":\"de\"},{\"@type\":\"Organization\",\"@id\":\"https:\/\/www.hongkonger-in-deutschland.org\/#organization\",\"name\":\"Hongkonger in Deutschland e. V.\",\"url\":\"https:\/\/www.hongkonger-in-deutschland.org\/\",\"logo\":{\"@type\":\"ImageObject\",\"inLanguage\":\"de\",\"@id\":\"https:\/\/www.hongkonger-in-deutschland.org\/#\/schema\/logo\/image\/\",\"url\":\"https:\/\/www.hongkonger-in-deutschland.org\/wp-content\/uploads\/2022\/01\/cropped-cropped-logo_no_text.png\",\"contentUrl\":\"https:\/\/www.hongkonger-in-deutschland.org\/wp-content\/uploads\/2022\/01\/cropped-cropped-logo_no_text.png\",\"width\":512,\"height\":512,\"caption\":\"Hongkonger in Deutschland e. V.\"},\"image\":{\"@id\":\"https:\/\/www.hongkonger-in-deutschland.org\/#\/schema\/logo\/image\/\"}}]}<\/script>\n<!-- \/ Yoast SEO plugin. -->","yoast_head_json":{"title":"Mitglieder Vorteile - Hongkonger in Deutschland e. V.","robots":{"index":"index","follow":"follow","max-snippet":"max-snippet:-1","max-image-preview":"max-image-preview:large","max-video-preview":"max-video-preview:-1"},"canonical":"https:\/\/www.hongkonger-in-deutschland.org\/index.php\/mitglieder-vorteile\/","og_locale":"de_DE","og_type":"article","og_title":"Mitglieder Vorteile - Hongkonger in Deutschland e. V.","og_description":"&nbsp; &nbsp; VORTEILE DER MITGLIEDSCHAFT &nbsp; Sprachkurse Angebote: Mitglieder bekommen 50% Rabatt bei unseren Deutschsprachkursen und Kantonesischsprachkursen. &nbsp;Details auf unserer Facebook Seite. Restaurant Angebote: &nbsp; &nbsp; 1.Eppstein\/China Restaurant Peking https:\/\/www.facebook.com\/ChinaRestaurantEppstein 06198 9205 Hauptstra\u00dfe 97 (Am B\u00fcndelberg) 65817 Vockenhausen &#8211; Eine gratis ALKOHOL-FREIE Getr\u00e4nke f\u00fcr jeden Mitglieder und die Begleitenden &nbsp; 2.Hannover\/Mama&#8217;s Kitchen https:\/\/www.facebook.com\/mamaskitchenhannover 0511 56 ... Weiterlesen","og_url":"https:\/\/www.hongkonger-in-deutschland.org\/index.php\/mitglieder-vorteile\/","og_site_name":"Hongkonger in Deutschland e. V.","article_modified_time":"2023-02-15T20:02:32+00:00","twitter_card":"summary_large_image","twitter_misc":{"Gesch\u00e4tzte Lesezeit":"1\u00a0Minute"},"schema":{"@context":"https:\/\/schema.org","@graph":[{"@type":"WebPage","@id":"https:\/\/www.hongkonger-in-deutschland.org\/index.php\/mitglieder-vorteile\/","url":"https:\/\/www.hongkonger-in-deutschland.org\/index.php\/mitglieder-vorteile\/","name":"Mitglieder Vorteile - Hongkonger in Deutschland e. V.","isPartOf":{"@id":"https:\/\/www.hongkonger-in-deutschland.org\/#website"},"datePublished":"2022-04-14T09:03:57+00:00","dateModified":"2023-02-15T20:02:32+00:00","breadcrumb":{"@id":"https:\/\/www.hongkonger-in-deutschland.org\/index.php\/mitglieder-vorteile\/#breadcrumb"},"inLanguage":"de","potentialAction":[{"@type":"ReadAction","target":["https:\/\/www.hongkonger-in-deutschland.org\/index.php\/mitglieder-vorteile\/"]}]},{"@type":"BreadcrumbList","@id":"https:\/\/www.hongkonger-in-deutschland.org\/index.php\/mitglieder-vorteile\/#breadcrumb","itemListElement":[{"@type":"ListItem","position":1,"name":"Home","item":"https:\/\/www.hongkonger-in-deutschland.org\/"},{"@type":"ListItem","position":2,"name":"Mitglieder Vorteile"}]},{"@type":"WebSite","@id":"https:\/\/www.hongkonger-in-deutschland.org\/#website","url":"https:\/\/www.hongkonger-in-deutschland.org\/","name":"Hongkonger in Deutschland e. V.","description":"A Bridge between Hong Kong and Germany","publisher":{"@id":"https:\/\/www.hongkonger-in-deutschland.org\/#organization"},"potentialAction":[{"@type":"SearchAction","target":{"@type":"EntryPoint","urlTemplate":"https:\/\/www.hongkonger-in-deutschland.org\/?s={search_term_string}"},"query-input":{"@type":"PropertyValueSpecification","valueRequired":true,"valueName":"search_term_string"}}],"inLanguage":"de"},{"@type":"Organization","@id":"https:\/\/www.hongkonger-in-deutschland.org\/#organization","name":"Hongkonger in Deutschland e. V.","url":"https:\/\/www.hongkonger-in-deutschland.org\/","logo":{"@type":"ImageObject","inLanguage":"de","@id":"https:\/\/www.hongkonger-in-deutschland.org\/#\/schema\/logo\/image\/","url":"https:\/\/www.hongkonger-in-deutschland.org\/wp-content\/uploads\/2022\/01\/cropped-cropped-logo_no_text.png","contentUrl":"https:\/\/www.hongkonger-in-deutschland.org\/wp-content\/uploads\/2022\/01\/cropped-cropped-logo_no_text.png","width":512,"height":512,"caption":"Hongkonger in Deutschland e. V."},"image":{"@id":"https:\/\/www.hongkonger-in-deutschland.org\/#\/schema\/logo\/image\/"}}]}},"_links":{"self":[{"href":"https:\/\/www.hongkonger-in-deutschland.org\/index.php\/wp-json\/wp\/v2\/pages\/624","targetHints":{"allow":["GET"]}}],"collection":[{"href":"https:\/\/www.hongkonger-in-deutschland.org\/index.php\/wp-json\/wp\/v2\/pages"}],"about":[{"href":"https:\/\/www.hongkonger-in-deutschland.org\/index.php\/wp-json\/wp\/v2\/types\/page"}],"author":[{"embeddable":true,"href":"https:\/\/www.hongkonger-in-deutschland.org\/index.php\/wp-json\/wp\/v2\/users\/2"}],"replies":[{"embeddable":true,"href":"https:\/\/www.hongkonger-in-deutschland.org\/index.php\/wp-json\/wp\/v2\/comments?post=624"}],"version-history":[{"count":5,"href":"https:\/\/www.hongkonger-in-deutschland.org\/index.php\/wp-json\/wp\/v2\/pages\/624\/revisions"}],"predecessor-version":[{"id":898,"href":"https:\/\/www.hongkonger-in-deutschland.org\/index.php\/wp-json\/wp\/v2\/pages\/624\/revisions\/898"}],"wp:attachment":[{"href":"https:\/\/www.hongkonger-in-deutschland.org\/index.php\/wp-json\/wp\/v2\/media?parent=624"}],"curies":[{"name":"wp","href":"https:\/\/api.w.org\/{rel}","templated":true}]}}