{"id":322,"date":"2020-11-21T12:06:47","date_gmt":"2020-11-21T12:06:47","guid":{"rendered":"https:\/\/www.hongkonger-in-deutschland.org\/?page_id=322"},"modified":"2025-02-10T20:02:30","modified_gmt":"2025-02-10T20:02:30","slug":"mitglieder-werden","status":"publish","type":"page","link":"https:\/\/www.hongkonger-in-deutschland.org\/index.php\/mitglieder-werden\/","title":{"rendered":"Mitglieder werden"},"content":{"rendered":"<div class=\"boldgrid-section\">\n<div class=\"container\">\n<div class=\"row\">\n<div class=\"col-md-12 col-xs-12 col-sm-12 col-lg-12\">\n\n<\/div>\n<\/div>\n<\/div>\n<\/div>\n<div class=\"tmpl-services-3 boldgrid-section dynamic-gridblock background-fixed\" style=\"color: #1d1d1d; background-image: linear-gradient(to left, rgba(238, 238, 238, 0.8), rgba(238, 238, 238, 0.8)), url('https:\/\/source.unsplash.com\/WB3ujiKLJwQ\/1920x1080'); background-size: cover; background-position: 50% 50%;\" data-bg-overlaycolor=\"rgba(238, 238, 238, 0.8)\" data-image-url=\"https:\/\/source.unsplash.com\/WB3ujiKLJwQ\/1920x1080\">\n<div class=\"container\">\n<div class=\"row\" style=\"padding-top: 100px; padding-bottom: 100px;\">\n<div class=\"col-md-5 col-sm-6 col-xs-12 text-center col-lg-5\">\n<h3 class=\"\"><strong> <i class=\"color1-color fa fa-check-square-o\" style=\"font-size: 45px;\" aria-hidden=\"true\"><span style=\"display: none;\">&nbsp;<\/span><\/i> <\/strong><\/h3>\n<h3 class=\"\" style=\"text-transform: uppercase;\"><strong>Wer kann dem Hongkonger in Deutschland e.V. beitreten?&nbsp;<\/strong><\/h3>\n<p class=\"\"><i class=\"fa fa-window-minimize color1-color\" aria-hidden=\"true\"><br \/>\n<span style=\"display: none;\">&nbsp;<\/span><\/i><\/p>\n<p class=\"\" style=\"text-align: left;\"><span style=\"font-weight: 400;\">Sie k\u00f6nnen us beitreten, wenn Sie die folgenden Bedingungen erf\u00fcllen.<\/span><\/p>\n<ul class=\"\">\n<li style=\"font-weight: 400; text-align: left;\"><span style=\"font-weight: 400;\">Inhaber eines Hongkonger Personalausweises mit Wohnsitz in Deutschland, oder<\/span><\/li>\n<li style=\"font-weight: 400; text-align: left;\"><span style=\"font-weight: 400;\">Deutsche Staatsb\u00fcrger, die Kinder von in Hongkong ans\u00e4ssigen Personen sind, oder<\/span><\/li>\n<li style=\"font-weight: 400; text-align: left;\"><span style=\"font-weight: 400;\">Nicht-Hongkonger, die unserer im Statut festgelegten Mission zustimmen<\/span><\/li>\n<\/ul>\n<p class=\"\">&nbsp;<\/p>\n<p class=\"\"><i class=\"color1-color fa fa-money\" style=\"font-size: 45px;\" aria-hidden=\"true\"><span style=\"display: none;\">&nbsp;<\/span><\/i><\/p>\n<h3 class=\"\" style=\"line-height: 0.5em;\">&nbsp;<\/h3>\n<h3 class=\"h4\" style=\"text-transform: uppercase;\"><strong>Wie hoch ist der Mitgliedsbeitrag? Wozu wird er verwendet?<\/strong><\/h3>\n<p class=\"\"><i class=\"fa fa-window-minimize color1-color\" aria-hidden=\"true\"><span style=\"display: none;\">&nbsp;<\/span><\/i><\/p>\n<p class=\"\" style=\"text-align: left;\">Der j\u00e4hrliche Mitgliedsbeitrag liegt bei <strong>60 Euro<\/strong>, bzw. <strong>50 Euro<\/strong> f\u00fcr Studenten, unabh\u00e4ngig vom Zeitpunkt des Beitritts. Verl\u00e4ngerungsbeitr\u00e4ge werden im Januar jeden Jahres angefordert.<\/p>\n<p class=\"\" style=\"text-align: left;\">Die gesammelten Geb\u00fchren werden f\u00fcr Projekte, Veranstaltungen und Aktivit\u00e4ten ausgegeben, die unsere Mission unterst\u00fctzen und unsere Betriebskosten decken.<\/p>\n<p>&nbsp;<\/p>\n<\/div>\n<div class=\"col-md-7 col-sm-6 col-xs-12 text-center col-lg-7\" style=\"padding-top: 1.3em;\">\n<p class=\"\"><i class=\"color1-color fa fa-user-o\" style=\"font-size: 45px;\" aria-hidden=\"true\"><span style=\"display: none;\">&nbsp;<\/span><\/i><\/p>\n<h3 class=\"\" style=\"line-height: 0.5em;\">&nbsp;<\/h3>\n<h3 class=\"h4\" style=\"text-transform: uppercase;\"><span style=\"font-weight: 400;\">&nbsp;<strong>Wie trete ich dem Hongkonger in Deutschland e.V. bei?<\/strong><\/span><\/h3>\n<p class=\"\"><i class=\"fa fa-window-minimize color1-color\" aria-hidden=\"true\"><span style=\"display: none;\">&nbsp;<\/span><\/i><\/p>\n<p class=\"\" style=\"text-align: left;\"><span style=\"font-weight: 400;\">1.F\u00fcllen Sie den <a href=\"https:\/\/forms.office.com\/e\/pNf5vKbHaS\">Online Mitgliedsantrag<\/a> aus. Alternativ k\u00f6nnen Sie Ihren <a href=\"https:\/\/www.hongkonger-in-deutschland.org\/wp-content\/uploads\/2022\/09\/MEMBERSHIP-FORM-1-3aa-1-1-1.pdf\">Mitgliedsantrag<\/a>&nbsp; per E-Mail oder Post an unser B\u00fcro senden:<\/span><\/p>\n<p class=\"\"><span style=\"font-weight: 400;\">&nbsp;&nbsp;&nbsp;&nbsp;&nbsp;&nbsp;&nbsp;&nbsp;&nbsp;&nbsp;&nbsp;<strong>&nbsp;E-Mail: <a href=\"mailto:members@hongkonger-in-deutschland.org\">members@hongkonger-in-deutschland.org<\/a><\/strong><\/span><\/p>\n<p class=\"\"><span style=\"font-weight: 400;\">&nbsp;&nbsp;&nbsp;&nbsp;&nbsp;&nbsp;&nbsp;&nbsp;&nbsp;&nbsp;&nbsp;<strong>&nbsp;Adresse: Poststra\u00dfe 16, 77652 Offenburg<\/strong><\/span><\/p>\n<p class=\"\">&nbsp;<\/p>\n<p class=\"\" style=\"text-align: left;\"><span style=\"font-weight: 400;\">2. Um Ihre Identit\u00e4t zu \u00fcberpr\u00fcfen und die Rechte des Vereins und seiner Mitglieder zu sch\u00fctzen, f\u00fcllen Sie bitte alle Felder aus. Falls erforderlich, fordert der Verein die Antragsteller auf, g\u00fcltige Belege einzureichen.<\/span><\/p>\n<p class=\"\">&nbsp;<\/p>\n<p class=\"\" style=\"text-align: left;\"><span style=\"font-weight: 400;\">3. Nachdem die Mitgliedschaft vom Verein \u00fcberpr\u00fcft wurde, werden Sie vom Verein per E-Mail \u00fcber das Antragsergebnis informiert. Sobald der Mitgliedsantrag genehmigt wurde, m\u00fcssen Sie den Mitgliedsbeitrag innerhalb von 15 Tagen bezahlen. Bitte zahlen Sie direkt auf unser Bankkonto ein:&nbsp;<\/span><\/p>\n<p class=\"\"><span style=\"font-weight: 400;\"><strong>DE46 8306 5408 0005 4748 68<\/strong><\/span><\/p>\n<p class=\"\" style=\"text-align: left;\"><span style=\"font-weight: 400;\">und geben Sie Ihren Namen und &#8222;Vereinsgeb\u00fchren&#8220; in die Spalte &#8222;Zweck&#8220; ein. Nach der Zahlung senden Sie bitte den Zahlungsnachweis (wie den Einzahlungsschein oder den Screenshot der Quittung) an <\/span><a href=\"mailto:members@hkerinde.org\"><span style=\"font-weight: 400;\">members@hkerinde.org<\/span><\/a><span style=\"font-weight: 400;\">.<\/span><\/p>\n<p class=\"\">&nbsp;<\/p>\n<p class=\"\" style=\"text-align: left;\"><span style=\"font-weight: 400;\">4. Nach erfolgreicher Bewerbung senden wir die Mitgliedsinformationen erneut an Ihre E-Mail-Adresse. Bitte \u00fcberpr\u00fcfen Sie dann Ihre E-Mail-Adresse. Diejenigen, die nicht akzeptiert werden, werden ebenfalls benachrichtigt.<\/span><\/p>\n<p class=\"\">&nbsp;<\/p>\n<p class=\"\">&nbsp;<\/p>\n<p class=\"\">&nbsp;<\/p>\n<\/div>\n<div class=\"boldgrid-section\">\n<div class=\"container\">\n<div class=\"row\">\n<div class=\"col-md-5 col-sm-6 col-xs-12 text-center col-lg-5\">\n<p class=\"\" style=\"margin: 30px 0;\">&nbsp;<\/p>\n<\/div>\n<h3 class=\"col-md-12 col-sm-12 col-xs-12 text-center col-lg-12\" style=\"padding-top: 1.3em;\"><strong>Die Vorteile der Mitgliederschaft:<\/strong> <a href=\"https:\/\/www.hongkonger-in-deutschland.org\/index.php\/mitglieder-vorteile\/\">siehe<\/a><\/h3>\n<div class=\"col-md-7 col-xs-12 col-sm-12 col-lg-7\"><\/div>\n<\/div>\n<\/div>\n<\/div>\n<\/div>\n<\/div>\n<\/div>\n","protected":false},"excerpt":{"rendered":"<p>&nbsp; Wer kann dem Hongkonger in Deutschland e.V. beitreten?&nbsp; &nbsp; Sie k\u00f6nnen us beitreten, wenn Sie die folgenden Bedingungen erf\u00fcllen. Inhaber eines Hongkonger Personalausweises mit Wohnsitz in Deutschland, oder Deutsche Staatsb\u00fcrger, die Kinder von in Hongkong ans\u00e4ssigen Personen sind, oder Nicht-Hongkonger, die unserer im Statut festgelegten Mission zustimmen &nbsp; &nbsp; &nbsp; Wie hoch ist der &#8230; <a title=\"Mitglieder werden\" class=\"read-more\" href=\"https:\/\/www.hongkonger-in-deutschland.org\/index.php\/mitglieder-werden\/\" aria-label=\"Mehr Informationen \u00fcber Mitglieder werden\">Weiterlesen<\/a><\/p>\n","protected":false},"author":2,"featured_media":0,"parent":0,"menu_order":0,"comment_status":"closed","ping_status":"closed","template":"template\/page\/fullwidth.php","meta":{"ngg_post_thumbnail":0,"footnotes":""},"class_list":["post-322","page","type-page","status-publish"],"yoast_head":"<!-- This site is optimized with the Yoast SEO plugin v27.0 - https:\/\/yoast.com\/product\/yoast-seo-wordpress\/ -->\n<title>Mitglieder werden - Hongkonger in Deutschland e. V.<\/title>\n<meta name=\"robots\" content=\"index, follow, max-snippet:-1, max-image-preview:large, max-video-preview:-1\" \/>\n<link rel=\"canonical\" href=\"https:\/\/www.hongkonger-in-deutschland.org\/index.php\/mitglieder-werden\/\" \/>\n<meta property=\"og:locale\" content=\"de_DE\" \/>\n<meta property=\"og:type\" content=\"article\" \/>\n<meta property=\"og:title\" content=\"Mitglieder werden - Hongkonger in Deutschland e. V.\" \/>\n<meta property=\"og:description\" content=\"&nbsp; Wer kann dem Hongkonger in Deutschland e.V. beitreten?&nbsp; &nbsp; Sie k\u00f6nnen us beitreten, wenn Sie die folgenden Bedingungen erf\u00fcllen. Inhaber eines Hongkonger Personalausweises mit Wohnsitz in Deutschland, oder Deutsche Staatsb\u00fcrger, die Kinder von in Hongkong ans\u00e4ssigen Personen sind, oder Nicht-Hongkonger, die unserer im Statut festgelegten Mission zustimmen &nbsp; &nbsp; &nbsp; Wie hoch ist der ... Weiterlesen\" \/>\n<meta property=\"og:url\" content=\"https:\/\/www.hongkonger-in-deutschland.org\/index.php\/mitglieder-werden\/\" \/>\n<meta property=\"og:site_name\" content=\"Hongkonger in Deutschland e. V.\" \/>\n<meta property=\"article:modified_time\" content=\"2025-02-10T20:02:30+00:00\" \/>\n<meta name=\"twitter:card\" content=\"summary_large_image\" \/>\n<meta name=\"twitter:label1\" content=\"Gesch\u00e4tzte Lesezeit\" \/>\n\t<meta name=\"twitter:data1\" content=\"2\u00a0Minuten\" \/>\n<script type=\"application\/ld+json\" class=\"yoast-schema-graph\">{\"@context\":\"https:\/\/schema.org\",\"@graph\":[{\"@type\":\"WebPage\",\"@id\":\"https:\/\/www.hongkonger-in-deutschland.org\/index.php\/mitglieder-werden\/\",\"url\":\"https:\/\/www.hongkonger-in-deutschland.org\/index.php\/mitglieder-werden\/\",\"name\":\"Mitglieder werden - Hongkonger in Deutschland e. V.\",\"isPartOf\":{\"@id\":\"https:\/\/www.hongkonger-in-deutschland.org\/#website\"},\"datePublished\":\"2020-11-21T12:06:47+00:00\",\"dateModified\":\"2025-02-10T20:02:30+00:00\",\"breadcrumb\":{\"@id\":\"https:\/\/www.hongkonger-in-deutschland.org\/index.php\/mitglieder-werden\/#breadcrumb\"},\"inLanguage\":\"de\",\"potentialAction\":[{\"@type\":\"ReadAction\",\"target\":[\"https:\/\/www.hongkonger-in-deutschland.org\/index.php\/mitglieder-werden\/\"]}]},{\"@type\":\"BreadcrumbList\",\"@id\":\"https:\/\/www.hongkonger-in-deutschland.org\/index.php\/mitglieder-werden\/#breadcrumb\",\"itemListElement\":[{\"@type\":\"ListItem\",\"position\":1,\"name\":\"Home\",\"item\":\"https:\/\/www.hongkonger-in-deutschland.org\/\"},{\"@type\":\"ListItem\",\"position\":2,\"name\":\"Mitglieder werden\"}]},{\"@type\":\"WebSite\",\"@id\":\"https:\/\/www.hongkonger-in-deutschland.org\/#website\",\"url\":\"https:\/\/www.hongkonger-in-deutschland.org\/\",\"name\":\"Hongkonger in Deutschland e. V.\",\"description\":\"A Bridge between Hong Kong and Germany\",\"publisher\":{\"@id\":\"https:\/\/www.hongkonger-in-deutschland.org\/#organization\"},\"potentialAction\":[{\"@type\":\"SearchAction\",\"target\":{\"@type\":\"EntryPoint\",\"urlTemplate\":\"https:\/\/www.hongkonger-in-deutschland.org\/?s={search_term_string}\"},\"query-input\":{\"@type\":\"PropertyValueSpecification\",\"valueRequired\":true,\"valueName\":\"search_term_string\"}}],\"inLanguage\":\"de\"},{\"@type\":\"Organization\",\"@id\":\"https:\/\/www.hongkonger-in-deutschland.org\/#organization\",\"name\":\"Hongkonger in Deutschland e. V.\",\"url\":\"https:\/\/www.hongkonger-in-deutschland.org\/\",\"logo\":{\"@type\":\"ImageObject\",\"inLanguage\":\"de\",\"@id\":\"https:\/\/www.hongkonger-in-deutschland.org\/#\/schema\/logo\/image\/\",\"url\":\"https:\/\/www.hongkonger-in-deutschland.org\/wp-content\/uploads\/2022\/01\/cropped-cropped-logo_no_text.png\",\"contentUrl\":\"https:\/\/www.hongkonger-in-deutschland.org\/wp-content\/uploads\/2022\/01\/cropped-cropped-logo_no_text.png\",\"width\":512,\"height\":512,\"caption\":\"Hongkonger in Deutschland e. V.\"},\"image\":{\"@id\":\"https:\/\/www.hongkonger-in-deutschland.org\/#\/schema\/logo\/image\/\"}}]}<\/script>\n<!-- \/ Yoast SEO plugin. -->","yoast_head_json":{"title":"Mitglieder werden - Hongkonger in Deutschland e. V.","robots":{"index":"index","follow":"follow","max-snippet":"max-snippet:-1","max-image-preview":"max-image-preview:large","max-video-preview":"max-video-preview:-1"},"canonical":"https:\/\/www.hongkonger-in-deutschland.org\/index.php\/mitglieder-werden\/","og_locale":"de_DE","og_type":"article","og_title":"Mitglieder werden - Hongkonger in Deutschland e. V.","og_description":"&nbsp; Wer kann dem Hongkonger in Deutschland e.V. beitreten?&nbsp; &nbsp; Sie k\u00f6nnen us beitreten, wenn Sie die folgenden Bedingungen erf\u00fcllen. Inhaber eines Hongkonger Personalausweises mit Wohnsitz in Deutschland, oder Deutsche Staatsb\u00fcrger, die Kinder von in Hongkong ans\u00e4ssigen Personen sind, oder Nicht-Hongkonger, die unserer im Statut festgelegten Mission zustimmen &nbsp; &nbsp; &nbsp; Wie hoch ist der ... Weiterlesen","og_url":"https:\/\/www.hongkonger-in-deutschland.org\/index.php\/mitglieder-werden\/","og_site_name":"Hongkonger in Deutschland e. V.","article_modified_time":"2025-02-10T20:02:30+00:00","twitter_card":"summary_large_image","twitter_misc":{"Gesch\u00e4tzte Lesezeit":"2\u00a0Minuten"},"schema":{"@context":"https:\/\/schema.org","@graph":[{"@type":"WebPage","@id":"https:\/\/www.hongkonger-in-deutschland.org\/index.php\/mitglieder-werden\/","url":"https:\/\/www.hongkonger-in-deutschland.org\/index.php\/mitglieder-werden\/","name":"Mitglieder werden - Hongkonger in Deutschland e. V.","isPartOf":{"@id":"https:\/\/www.hongkonger-in-deutschland.org\/#website"},"datePublished":"2020-11-21T12:06:47+00:00","dateModified":"2025-02-10T20:02:30+00:00","breadcrumb":{"@id":"https:\/\/www.hongkonger-in-deutschland.org\/index.php\/mitglieder-werden\/#breadcrumb"},"inLanguage":"de","potentialAction":[{"@type":"ReadAction","target":["https:\/\/www.hongkonger-in-deutschland.org\/index.php\/mitglieder-werden\/"]}]},{"@type":"BreadcrumbList","@id":"https:\/\/www.hongkonger-in-deutschland.org\/index.php\/mitglieder-werden\/#breadcrumb","itemListElement":[{"@type":"ListItem","position":1,"name":"Home","item":"https:\/\/www.hongkonger-in-deutschland.org\/"},{"@type":"ListItem","position":2,"name":"Mitglieder werden"}]},{"@type":"WebSite","@id":"https:\/\/www.hongkonger-in-deutschland.org\/#website","url":"https:\/\/www.hongkonger-in-deutschland.org\/","name":"Hongkonger in Deutschland e. V.","description":"A Bridge between Hong Kong and Germany","publisher":{"@id":"https:\/\/www.hongkonger-in-deutschland.org\/#organization"},"potentialAction":[{"@type":"SearchAction","target":{"@type":"EntryPoint","urlTemplate":"https:\/\/www.hongkonger-in-deutschland.org\/?s={search_term_string}"},"query-input":{"@type":"PropertyValueSpecification","valueRequired":true,"valueName":"search_term_string"}}],"inLanguage":"de"},{"@type":"Organization","@id":"https:\/\/www.hongkonger-in-deutschland.org\/#organization","name":"Hongkonger in Deutschland e. V.","url":"https:\/\/www.hongkonger-in-deutschland.org\/","logo":{"@type":"ImageObject","inLanguage":"de","@id":"https:\/\/www.hongkonger-in-deutschland.org\/#\/schema\/logo\/image\/","url":"https:\/\/www.hongkonger-in-deutschland.org\/wp-content\/uploads\/2022\/01\/cropped-cropped-logo_no_text.png","contentUrl":"https:\/\/www.hongkonger-in-deutschland.org\/wp-content\/uploads\/2022\/01\/cropped-cropped-logo_no_text.png","width":512,"height":512,"caption":"Hongkonger in Deutschland e. V."},"image":{"@id":"https:\/\/www.hongkonger-in-deutschland.org\/#\/schema\/logo\/image\/"}}]}},"_links":{"self":[{"href":"https:\/\/www.hongkonger-in-deutschland.org\/index.php\/wp-json\/wp\/v2\/pages\/322","targetHints":{"allow":["GET"]}}],"collection":[{"href":"https:\/\/www.hongkonger-in-deutschland.org\/index.php\/wp-json\/wp\/v2\/pages"}],"about":[{"href":"https:\/\/www.hongkonger-in-deutschland.org\/index.php\/wp-json\/wp\/v2\/types\/page"}],"author":[{"embeddable":true,"href":"https:\/\/www.hongkonger-in-deutschland.org\/index.php\/wp-json\/wp\/v2\/users\/2"}],"replies":[{"embeddable":true,"href":"https:\/\/www.hongkonger-in-deutschland.org\/index.php\/wp-json\/wp\/v2\/comments?post=322"}],"version-history":[{"count":31,"href":"https:\/\/www.hongkonger-in-deutschland.org\/index.php\/wp-json\/wp\/v2\/pages\/322\/revisions"}],"predecessor-version":[{"id":1100,"href":"https:\/\/www.hongkonger-in-deutschland.org\/index.php\/wp-json\/wp\/v2\/pages\/322\/revisions\/1100"}],"wp:attachment":[{"href":"https:\/\/www.hongkonger-in-deutschland.org\/index.php\/wp-json\/wp\/v2\/media?parent=322"}],"curies":[{"name":"wp","href":"https:\/\/api.w.org\/{rel}","templated":true}]}}